ghest common factor of 173570944 and 304.
16
What is the highest common divisor of 59296 and 576?
32
Calculate the greatest common factor of 16768224 and 20619.
711
Calculate the greatest common divisor of 175 and 14727580.
35
What is the highest common factor of 128 and 18234592?
32
Calculate the highest common factor of 652925 and 130.
65
What is the greatest common factor of 100160 and 3345970?
3130
What is the greatest common factor of 4191 and 284088332?
1397
Calculate the greatest common factor of 269720846 and 19.
19
Calculate the greatest common factor of 43 and 3554480921.
43
Calculate the highest common factor of 114 and 6199244.
38
Calculate the highest common divisor of 31417654 and 86294.
6638
What is the highest common factor of 22180146 and 846?
282
What is the greatest common factor of 416847075 and 59100?
14775
What is the highest common divisor of 4731796 and 11281?
389
Calculate the highest common factor of 4191 and 172139.
11
What is the highest common factor of 6427680 and 6720?
3360
Calculate the highest common divisor of 127335094 and 82.
82
Calculate the highest common divisor of 3314104 and 151936.
9496
Calculate the highest common divisor of 137234 and 64.
2
Calculate the greatest common divisor of 288 and 11893968.
144
What is the highest common factor of 14178 and 688189?
139
Calculate the highest common divisor of 21 and 849016.
7
What is the highest common factor of 7036061 and 133?
19
What is the greatest common divisor of 220 and 42724660?
220
What is the highest common factor of 4064 and 7341616?
2032
Calculate the greatest common divisor of 24840 and 149952870.
6210
What is the greatest common divisor of 19214688 and 384?
96
What is the greatest common factor of 75 and 1808019?
3
Calculate the greatest common factor of 2046410 and 220.
10
What is the greatest common factor of 32718 and 117588?
246
Calculate the greatest common divisor of 183136 and 3902698.
194
Calculate the highest common divisor of 12900833 and 11.
11
Calculate the highest common factor of 737 and 23970903.
11
What is the greatest common divisor of 164 and 66775470?
82
Calculate the highest common factor of 510 and 111369210.
510
Calculate the highest common divisor of 615580 and 10780.
140
What is the highest common divisor of 801 and 150469452?
801
Calculate the highest common factor of 520 and 1972555.
65
Calculate the greatest common divisor of 8125244 and 7316.
236
Calculate the highest common divisor of 77024 and 13014649.
2407
What is the greatest common divisor of 900 and 2990250?
450
What is the highest common divisor of 126840 and 5068?
28
What is the highest common factor of 13763327 and 4103?
373
What is the highest common divisor of 204884750 and 250?
250
Calculate the highest common factor of 69095785 and 2065.
295
Calculate the highest common divisor of 4776 and 265241528.
1592
Calculate the highest common factor of 380120 and 60931.
559
What is the greatest common divisor of 2032407 and 52?
13
Calculate the highest common factor of 93930553 and 4584.
191
Calculate the highest common factor of 1153812 and 44412.
12
What is the highest common factor of 12 and 2254740792?
12
Calculate the greatest common divisor of 162185901 and 83.
83
What is the greatest common factor of 273816133 and 38542?
2753
Calculate the highest common factor of 691235256 and 1592.
1592
What is the highest common divisor of 185152425 and 1510?
755
What is the greatest common factor of 59 and 47306200?
59
What is the highest common divisor of 684855 and 944379?
7209
Calculate the greatest common factor of 58 and 86438531.
29
What is the greatest common divisor of 3205299 and 187?
17
What is the highest common factor of 220473 and 891979?
1441
What is the highest common factor of 3749 and 24142582?
163
Calculate the greatest common factor of 18467677 and 703.
19
What is the greatest common factor of 7139 and 8016507?
59
What is the highest common factor of 7144080 and 289578?
1734
What is the greatest common divisor of 43448375 and 175?
25
Calculate the highest common factor of 253924 and 86764.
796
Calculate the greatest common divisor of 135707 and 228987.
11
Calculate the highest common divisor of 280 and 11571910.
70
Calculate the highest common factor of 968 and 3194642.
242
Calculate the greatest common factor of 47152 and 9367568.
112
Calculate the highest common factor of 244 and 130490956.
244
What is the greatest common divisor of 3500 and 760620?
140
Calculate the greatest common factor of 880 and 12723040.
880
What is the greatest common divisor of 186632 and 5237668?
164
Calculate the greatest common factor of 470 and 7006760000.
470
What is the highest common divisor of 138998782 and 9745?
1949
Calculate the greatest common divisor of 61637989 and 161.
7
Calculate the greatest common divisor of 343983178 and 308.
154
What is the greatest common divisor of 10660880 and 1360?
80
What is the greatest common factor of 3680 and 30922764?
92
What is the greatest common factor of 630 and 4396840?
70
What is the highest common divisor of 304 and 130731400?
152
Calculate the greatest common divisor of 308920 and 100600.
40
Calculate the highest common divisor of 18128514 and 6.
6
Calculate the greatest common divisor of 279961143 and 616.
77
Calculate the greatest common factor of 324 and 5347896.
12
What is the highest common factor of 63869 and 209525?
289
What is the highest common factor of 2748004 and 252?
28
Calculate the greatest common divisor of 3210 and 263590755.
1605
Calculate the greatest common divisor of 226353 and 194181.
1149
Calculate the greatest common divisor of 252 and 5451068.
28
What is the greatest common divisor of 28170 and 84720?
30
What is the greatest common divisor of 1930386 and 1686?
6
Calculate the highest common divisor of 148862 and 115493.
49
What is the highest common factor of 1153995 and 4215?
15
Calculate the greatest common divisor of 36 and 3267548.
4
Calculate the highest common factor of 13 and 91817479.
13
What is the highest common divisor of 69275041 and 88?
11
Calculate the greatest common factor of 70695 and 21555.
45
What is the greatest common factor of 1071024 and 16854?
318
What is the highest common divisor of 429 and 629863?
13
What is the greatest common divisor of 414684372 and 12?
12
Calculate the greatest common factor of 133226 and 609.
29
Calculate the highest common factor of 207328 and 6133248.
352
What is the highest common divisor of 584 and 2401832?
8
What is the greatest common factor of 17129532 and 589260?
5124
Calculate the highest common divisor of 32642 and 317.
1
Calculate the highest common divisor of 794574 and 6138.
198
What is the highest common factor of 376 and 75525992?
376
What is the highest common factor of 4086 and 82286592?
1362
Calculate the highest common factor of 127020112 and 333.
37
What is the greatest common factor of 198996 and 156492?
1932
What is the highest common factor of 403767 and 739011?
273
Calculate the greatest common divisor of 7295 and 3256488.
1459
What is the greatest common factor of 6735 and 16505240?
2245
Calculate the highest common divisor of 10 and 96827270.
10
Calculate the highest common divisor of 3005306470 and 1922.
1922
What is the greatest common factor of 89 and 18582043?
89
Calculate the greatest common divisor of 8036 and 284540.
164
What is the highest common divisor of 4881 and 84261?
3
What is the greatest common factor of 3240 and 59454?
162
Calculate the highest common factor of 36 and 666828.
36
Calculate the greatest common factor of 1228628929 and 1039.
1039
What is the highest common factor of 168 and 6168684?
12
What is the greatest common divisor of 1431 and 112274352?
477
What is the greatest common factor of 4560 and 10293060?
1140
What is the greatest common factor of 732 and 927516?
12
Calculate the greatest common factor of 42267101 and 3057.
1019
What is the highest common divisor of 200430 and 28390?
170
What is the highest common factor of 120 and 2745012?
12
What is the greatest common divisor of 32 and 394421152?
32
What is the highest common factor of 6882 and 3932286?
222
Calculate the highest common factor of 128316 and 7188.
12
Calculate the greatest common divisor of 26471660 and 2580.
860
What is